ivative of t**6/120 - t**5/30 - t**4/6 + t**3/6 - 3*t**2. Let l(z) = -11*z + 4. Let b be l(0). Determine s(b).
17
Let y be 10/(-75) + (102/(-45))/(-2). Let k(j) = 0 + y + 169*j - 2 - 168*j. Suppose 2 - 12 = 2*v. What is k(v)?
-6
Suppose 67 = -10*j + 9*j. Let n = j - -67. Let x(p) = p + 5. Give x(n).
5
Let c(j) = j**3 + 17*j**2 + 16*j + 20. Let w be c(-16). Suppose -d + w = 3*d. Let y(u) = u**3 - 4*u**2 - 5*u - 3. Give y(d).
-3
Let p(o) be the third derivative of o**6/120 - 3*o**5/20 - 5*o**4/24 - 13*o**3/6 - o**2 - 33. Determine p(9).
-58
Let t be 4/6 + 76/12. Let i be 2/t - ((-198)/(-21))/(-2). Let c(h) = -h + 7. What is c(i)?
2
Let s = 4/383 + 1141/766. Let f(y) be the second derivative of 5/6*y**3 + 0 - s*y**2 + 8*y - 1/12*y**4. What is f(5)?
-3
Let z(p) = p**2 + 0 + p - 4 - 3 - 4. Let n be 18/(-8)*(-8)/6. Suppose n*k = -0*k. Determine z(k).
-11
Let p(t) be the third derivative of -t**8/6720 - t**7/1680 + t**6/720 - 7*t**5/60 + 21*t**2. Let d(m) be the third derivative of p(m). Calculate d(2).
-17
Let z(b) = -b**2 - 7*b - 4. Suppose -42*p - 15*p = 285. Determine z(p).
6
Let h(p) = 66*p - 18. Let w(a) = 3*a - 1. Let b(d) = h(d) - 24*w(d). Calculate b(2).
-6
Let z = 674 + -666. Let k(r) be the second derivative of r**5/20 - 7*r**4/12 - 3*r**3/2 + 3*r**2/2 - 2*r. Calculate k(z).
-5
Let f = 4239/2 + -2119. Let k(b) be the first derivative of 0*b + 4 + f*b**2. What is k(-4)?
-4
Suppose 117 = -12*z + 69. Let l(m) = m**3 + 2*m**2 - 8*m - 1. What is l(z)?
-1
Let i(r) = r**2 + 7*r + 10. Let d(z) = z**3 - 18*z**2 - 14*z - 103. Let h be d(19). Determine i(h).
18
Let b = -97 + 102. Let v be (2/b)/((2 - -3)/50). Let c(m) = -2*m + 6. Calculate c(v).
-2
Suppose -2*l + 3 = -3*l. Let m(q) be the first derivative of q**6/120 + q**5/20 - q**4/24 + 9*q**2/2 + 3. Let w(p) be the second derivative of m(p). Give w(l).
3
Let o(n) = 10*n**3 - 6*n**2 + 5*n + 3. Let y(t) = 13*t**3 - 7*t**2 + 6*t + 4. Let p(v) = 4*o(v) - 3*y(v). Calculate p(2).
0
Let v(s) = s**3 + s**2 - 3*s - 1. Let b be v(-2). Let f(t) = 4*t - 2. Let o be f(b). Let k(a) = a - 4. Calculate k(o).
-2
Suppose 2*k + 2*o + 44 = 0, 2*k - 40 = 4*k + 3*o. Let u = k + 50. Suppose -3*x - 18 = -3*b - 0*b, 4*b = -4*x - u. Let a(s) = -s**2 - 5*s + 4. What is a(x)?
-2
Suppose 12*a = a + 11. Let o(y) = -y + 1 - 5 + 0 + a. Calculate o(4).
-7
Let l(b) be the third derivative of -b**6/120 - b**5/10 + b**4/3 - b**3/2 - b**2 + 4. Calculate l(-7).
-10
Suppose 0 = -3*l + 5*z - 14 + 22, 3*l = 2*z + 5. Let j(u) = -21*u - 1. Give j(l).
-22
Let y(m) be the third derivative of -m**6/120 - m**5/10 - m**4/6 - 8*m**3/3 - 3*m**2 + 33. What is y(-6)?
8
Suppose 30 = -3*q + 8*q. Suppose -2*i - i = -q. Let n(v) = 1 - 2 + 2*v**2 + 4*v**i. What is n(1)?
5
Let s(o) be the third derivative of 1/60*o**5 - 1/4*o**4 + o**2 + 0*o + 0 + 2/3*o**3. Suppose 2*z + 3*w = -7, 5*z + 0*w = 3*w + 35. Calculate s(z).
-4
Suppose -2*p = 4*m + 28, 3*p + 1 = -p + 3*m. Let n(l) = -l**2 - 5*l - 3. Let u(d) = -d**2 - 5*d - 3. Let y(q) = -4*n(q) + 5*u(q). Calculate y(p).
1
Let q(h) = h**3 - 12*h**2 - h + 6. Let o(k) = -k**3 + 6*k**2 - 4*k - 4. Let g be o(4). Determine q(g).
-6
Let z(a) = a. Let c(m) = -4*m - 1. Let n(x) = c(x) + 3*z(x). Suppose -j = -2*r - 19, -4*r - 1 = -r + 4*j. Determine n(r).
6
Let q(y) be the third derivative of y**6/360 - y**5/120 + y**4/6 + 7*y**3/3 + 29*y**2. Let f(g) be the first derivative of q(g). Calculate f(-3).
16
Let p(z) = -5*z - 7. Let y(c) = 21*c + 731. Let x be y(-35). Determine p(x).
13
Let h(n) = -5*n**3 + 2*n + 1. Let y = 31 - 33. Let d(q) = 2*q + 4. Let j be d(-4). Let c be (y/8)/((-1)/j). Calculate h(c).
4
Let s(q) = -11*q - 2. Suppose -k - 4*k = 10. Let d be k + 6/1 + -2. Give s(d).
-24
Suppose -5*z + 10*z + q - 20 = 0, -5*q = -z + 4. Let l(j) = -j - 1 + z - 6 - 5. Determine l(6).
-14
Let b be -6*9/(-6) - 15. Let o(t) = -6*t - 33. Determine o(b).
3
Let q(k) = -27*k**2 - 45*k - 46. Let f(z) = -5*z**2 - 9*z - 9. Let y(r) = -11*f(r) + 2*q(r). Give y(-6).
-11
Let h(r) be the second derivative of r**5/20 + r**4/12 - 18*r**2 + 43*r - 2. What is h(0)?
-36
Let n(b) = 5*b - 11. Let l be ((-1)/(-1))/((-2)/(-6)). Let h be n(l). Let s(x) = 4*x**2 - 3*x**2 - 2*x**2 + 5*x - 3. Determine s(h).
1
Let m = -3 - -38. Let i(w) = -4 + 42*w - 76*w - 3 + m*w. Give i(6).
-1
Let u(l) = 3*l - 3 + 2 + l - 5*l - 4. Give u(4).
-9
Let c(v) = 11*v - 205. Let z be c(20). Let k(b) = -b**3 + 14*b**2 + 15*b - 3. What is k(z)?
-3
Let b be (16 - 17)/(2/(-6)). Let a be (30/(-20))/(b/6). Let d(i) = -i. Let m(g) = -4*g - 7. Let k(l) = 3*d(l) - m(l). What is k(a)?
4
Let r(y) = 5*y**3 + 3*y**2 - 4*y + 3. Let i(p) = -p**3 + p**2 - p + 1. Let v(q) = 2*i(q) - r(q). Suppose 8 = 2*f - 14. Let s = f - 10. Determine v(s).
-7
Let h(z) = 3*z - 3*z + z**2 + z**3 - z + 1. Let a(m) = m**3 + 23*m**2 - 24*m + 2. Let y be 32/(-56) + 164/(-7). Let l be a(y). Calculate h(l).
11
Let x(m) be the second derivative of -2*m**3/3 - 5*m**2 + 33*m. Calculate x(-4).
6
Let p(r) be the first derivative of -51 + 0*r**2 + 2*r + 0*r**2 - r**2 + 30. Calculate p(-6).
14
Let z(v) = -v + 2. Let i(p) = p - 10. Let o(q) = -11*q + 198 + 3*q**2 - 217 - q**3 - 12*q**2. Let m be o(-8). Let u be i(m). Determine z(u).
7
Let z be 8 - ((-3)/(-5) + (-6)/(-15)). Let b(v) = -v + 10. Let r be b(z). Let g(p) = 2*p**2 - 3*p - 3. Calculate g(r).
6
Let z(h) = -3*h**2 + 9*h**2 + 1 - 4*h**2 + h. Let l(f) = 2*f - 10. Let k be l(4). Calculate z(k).
7
Let m(j) be the third derivative of j**5/60 - 7*j**4/24 - 8*j**3/3 - 324*j**2. Give m(12).
44
Let j(x) = -5*x**3 - 13*x**2 - x - 17. Let i(p) = -p**3 - 3*p**2 - 4. Let a(b) = -9*i(b) + 2*j(b). Let n be (4/6)/(-1) - (-184)/69. Give a(n).
-6
Let p(k) = -10*k + 7. Let j(a) = -40 + 24 + 51*a + 13*a - 34. Let n(y) = -13*y + 10. Let x(l) = -2*j(l) - 11*n(l). Let u(b) = 7*p(b) + 5*x(b). Determine u(1).
4
Let r(g) = -21*g + 5. Let l be r(5). Let f = l - -98. Let q(n) = 3*n**2 - n + 1. Determine q(f).
15
Suppose -2*w = -p + 2, 3 = 5*p - 4*w - 1. Let t(q) = -2*q**3 + 5*q**2 + 3 + p + q**3 - 33*q + 30*q. Calculate t(4).
7
Let m = 27 - 22. Let j(d) = 3*d**2 - m*d**2 + 10*d**3 + 6*d - 2 + 1 - 4*d. Suppose 5 = 11*i - 6*i. What is j(i)?
9
Let v(p) = -p**3 + 7*p**2 + 2*p - 12. Let t = 92 - 85. What is v(t)?
2
Let w be (-1 - 1) + 3 + 1. Suppose -3*x = w*y - x, 3*y - 2*x = -15. Let n(v) = -v + 1. Calculate n(y).
4
Let p = -755 + 753. Let h(n) = -n**2 - 3*n - 3. Determine h(p).
-1
Let g(k) = 4*k**2 + 3*k - 3. Suppose 0*h - d - 3 = -2*h, 0 = 3*h + 3*d. Determine g(h).
4
Let c(w) = w**2 + 8*w - 6. Suppose 3*a + 700 - 676 = 0. Calculate c(a).
-6
Let d(c) = 9*c**3 - 11*c**2 - 11*c - 29. Let m(i) = 5*i**3 - 5*i**2 - 5*i - 15. Let j(f) = 4*d(f) - 7*m(f). Let a be j(10). Let t(b) = 17*b + 1. What is t(a)?
-16
Let f(d) be the first derivative of -6*d + 1/3*d**3 + 2*d**2 - 1. Let l(w) = 2*w**2 + 9*w - 13. Let v(h) = 5*f(h) - 2*l(h). Calculate v(-3).
-1
Let t(j) = -4 + 2551*j + 19 - 2563*j + 4*j**2 - 3*j**2. Give t(9).
-12
Let d(j) = j**2 - 7*j + 8. Let f(g) = -2*g**3 + 3*g**2 - 14*g + 1. Let a(v) = 5*v**3 - 6*v**2 + 29*v - 2. Let u(y) = 3*a(y) + 7*f(y). Let c be u(-5). Give d(c).
2
Let p be (2 + (-3 - 4))/(-1). Let v(n) = -2*n + 9. Let t be v(p). Let s be 1/(t/((-5)/(-1))). Let l(k) = -k - 4. Calculate l(s).
1
Let t(h) = h**3 - 11*h**2 - 11*h - 10. Let a = -8 - -20. Let m be t(a). Suppose 2*b - 11 = -s - m*s, 4*s - 23 = -b. Let l(y) = y**2 - 7*y + 6. What is l(s)?
6
Let h(f) = -3*f - 2. Let w be h(-3). Let m = -5 + w. Let x(a) = -a**3 - 4*a**2 + 6*a + 2. Let j(l) = l**3 - l - 1. Let z(i) = -3*j(i) - x(i). Give z(m).
-5
Let b(w) = -w**2 + 8*w - 5. Let g(j) = j**2 - 7*j + 4. Let r(k) = 5*b(k) + 6*g(k). Suppose -x = -4*c + 12, 18 = 5*c + 5*x + 3. Calculate r(c).
2
Suppose 0 = 3*k - 2*r - r, 2*r - 20 = -3*k. Let h(g) = -5*g**3 + 2*g**2 - g. Let m(f) = -11*f**3 + 5*f**2 - 2*f. Let s(n) = k*m(n) - 9*h(n). What is s(-1)?
0
Let k(j) = 2*j - 24. Let n(i) = 11*i + 12 - 17*i + 5*i. Let s(r) = -3*k(r) - 5*n(r). Suppose -2*f + 4*f = 0. Determine s(f).
12
Let n(h) = -103*h**2 - 12*h + 51 - 63 + 102*h**2. Let z be -2 + 1 + 1 - 10. Calculate n(z).
8
Let i = 169/4 - 42. Let s(n) be the third derivative of 8*n**2 + 1/60*n**5 - 1/3*n**3 + 0 + 0*n + i*n**4. Determine s(-6).
-2
Let v(t) = -26. Let x(k) = k + 2. Le